= -13 - f. What is the units digit of p?
3
Let p(j) = 11*j - 2 + 3 + 18*j. Suppose -4*m + 0 + 4 = 0. What is the tens digit of p(m)?
3
Suppose 309 = f + 2*f. Let k = f - 186. Let w = 146 + k. What is the tens digit of w?
6
Let i = -29 - -62. Let d = 54 - i. What is the units digit of d?
1
Suppose 24*a - 4326 = 10*a. What is the tens digit of a?
0
Suppose -31*z = -17*z - 2660. What is the tens digit of z?
9
Suppose 2022 + 13908 = 18*r. What is the tens digit of r?
8
Let c(t) = -t**3 - 3*t**2. Let n be c(-4). Suppose -3*o + 5*u - n = o, o = 2*u - 7. What is the units digit of o?
1
Suppose 3*w + 3*q - 5790 = 0, 3*q + q = w - 1925. Let o be (-3)/(-18) - w/18. Let r = 158 + o. What is the units digit of r?
1
Let h(d) = -1 + 24*d - 11*d + d**3 - 15*d + 2*d**2. Let q = -1 + -1. What is the units digit of h(q)?
3
Let n = -18 - 1. Let h = 21 + n. Suppose -4 = -q - h. What is the units digit of q?
2
Let q(u) = 2*u**2 - 38*u - 21. Let p be q(24). Let n = p - 75. What is the hundreds digit of n?
1
Let g be (-243)/(-21) - ((-9)/(-7))/(-3). Suppose 0 = g*u - 6*u - 954. What is the tens digit of u?
5
Let t(q) = -q**2 + 10*q - 16. Let s be t(7). Suppose s*i = -0*i + 690. What is the tens digit of i?
3
Let j(z) = 26*z**2 - 31*z + 7. What is the hundreds digit of j(3)?
1
Let s be (-4)/6 + 28/6. Suppose -s*c = -9*c + 10. What is the units digit of -2*(1 + (-3)/c)?
1
Suppose -8658 = -2*c - 5*x + 3*x, x = -5*c + 21637. What is the units digit of c?
7
Suppose 5*g = 1409 + 2486. What is the hundreds digit of g?
7
Let l be (-2 - -3)/((-2)/(-162)). Let j = 249 - l. What is the units digit of j?
8
What is the units digit of (557 - 0)*((-154)/7 + 23)?
7
Suppose 3*i = 2*v + 30, -4*i = -7*i - v + 30. Let x = i + -10. Suppose 2*z - 22 + 4 = x. What is the units digit of z?
9
Let l(y) = y**2 - 6*y + 4. Let d be (-6)/9*-3 - -2. Let c be l(d). What is the units digit of -2*(0 + 14/c)?
7
Let l be 3/(-4) - (-69)/12. Suppose 5*f + 2*v - 59 = 0, 5*f + l*v - 32 = 33. What is the units digit of (2 + 0/1)*f?
2
Suppose -5*c - 4*x + 558 = 0, 4*x = -2*c + 6*x + 234. Let k = 56 + c. What is the tens digit of k?
7
Let y(w) = -w - 4. Let r be y(5). Let k = r - -3. Let x = 14 + k. What is the units digit of x?
8
Suppose 282 = 3*g - 3*d, 0 = 9*g - 13*g - 4*d + 416. What is the tens digit of g?
9
Let d(p) = -57*p + 35. What is the tens digit of d(-12)?
1
Let p be (-15)/20 - (-13)/(-4). What is the hundreds digit of (-9 + -190)/(-1 - 0) + p?
1
Let u(s) = 8*s + 36. Let x be u(20). Let q = x - 7. What is the hundreds digit of q?
1
Let j = 489 + -192. What is the units digit of j?
7
Suppose -63 = 2*v + 3*k, 4*v - 4*k + 118 = -2*k. Let a be (-1 - 2)/((-6)/v). What is the tens digit of ((-87)/a)/((-4)/(-20))?
2
Suppose -5 = -a + 13. Let i(k) = k**2 - 16*k + 25. Let p be i(a). Suppose 3*f + 5*y = p, 5*y + 6 = f + 19. What is the tens digit of f?
1
Suppose -3*j + 9 = -2*j. Suppose j*t + 126 = 10*t. Suppose -210 = -5*d + 2*o, -t = -3*d + 2*o - 4*o. What is the units digit of d?
2
Suppose 14 + 14 = 7*z. What is the tens digit of 980/16 + z/(-16)?
6
Let f be (6 + -7)/(1/(-29)). Suppose -2*t = -f + 5. Suppose 3*u = 63 - t. What is the tens digit of u?
1
Suppose 0 = -35*z + 43*z - 1240. What is the units digit of z?
5
Let j(u) = 0*u - 3 - 5*u + 4*u**2 - 3*u**2. Suppose 5*i + 15 = 50. What is the tens digit of j(i)?
1
Let w = 4526 + -2218. What is the units digit of w?
8
Let i(k) = -1 + 33*k + 1. Let u be i(6). What is the tens digit of u/(-3)*(-2)/6?
2
Let q = 42 + 1280. What is the hundreds digit of q?
3
Let v(j) = -2*j**3 + 11*j**2 + 6*j + 5. Let h be (-22)/(-5) - (-9)/15. What is the units digit of v(h)?
0
Suppose 4*v = -29 - 51. Let d(c) = c**2 - 7. Let l be d(-7). Let o = l + v. What is the tens digit of o?
2
Let g(t) = 10*t**3 + 3*t**2 - 4*t + 2. Let h = -3 - -5. Let y be g(h). Let q = y - 58. What is the tens digit of q?
2
Let z be 14/(-147) + 1548/378. Let x be 2 - 26/(-2 - 0). Suppose 0 = -z*o - x + 7, -i = -2*o - 30. What is the units digit of i?
6
Suppose 10*z + 22712 = 27*z. What is the tens digit of z?
3
Let k be 56/(-20)*10/(-4). Suppose p - k = -25. Let a = p + 42. What is the units digit of a?
4
Let d(s) = 10*s**2 - 8*s + 19. Let z be d(9). Let q = z - 361. Suppose 7*b - q = -137. What is the units digit of b?
7
Let f(y) = 7*y - 1. Let p be f(3). Suppose 0 = 4*d + 16 + p. Let x = d + 11. What is the units digit of x?
2
Let p(g) = -2*g**3 - 8*g**2 - 43*g + 16. What is the hundreds digit of p(-8)?
8
Let x(a) = -6*a - 8. Let q = -3 + -5. Let t be x(q). Suppose -t = -2*b - 3*b. What is the units digit of b?
8
Let b(s) = -18*s**3 - s**2 - s + 2. Let d be b(-2). Suppose d = 2*j + 2*n, 2*j + 159 = 4*j + 5*n. What is the units digit of j?
7
Let w(j) = -j**2 + j + 1. Let u be w(-2). Let m be (-1)/u + (-48)/40. What is the units digit of 1*-23*(0 + m)?
3
Let v(u) be the second derivative of -u**4/12 - 8*u**3/3 - u**2/2 - 2*u - 28. Suppose -42 = 3*i - 2*q, -q = -5*i + i - 56. What is the tens digit of v(i)?
2
Let p be 3/(-6) - 81/(-2). Suppose -3*b - 2*b - p = 0. What is the tens digit of 8*4/(b/(-3))?
1
Suppose 0 = -2*t + 6*t - 488. Suppose -2*p - 4*a + 132 = 0, 2*p + 2*a = 3*a + t. What is the tens digit of p?
6
Let x = 19 + -20. Let q be (1 - x) + (-6)/(-2). Suppose q*t - k = 109, 3*k + k = -t + 5. What is the units digit of t?
1
What is the units digit of (-2)/19 + (-747084)/(-1482)?
4
Let v be 26 - (-3)/(4/(-4)). Suppose -4*z - 3 = -v. Suppose w - 17 = z*k, 3*w + 2*k = 71 - 3. What is the tens digit of w?
2
What is the units digit of (174/(-5))/(-11 + 1199/110)?
8
Let j(d) = 3*d**2 + 3*d + 4. Suppose l - 2*b = 4, -1 = l + 4*b + 1. Suppose -4*m - z + 1 - 14 = 0, -l*m = -3*z + 3. What is the tens digit of j(m)?
2
Let b be (-257)/(-8) + (-6)/48. Suppose -14 = 3*t - 8. Let u = b - t. What is the tens digit of u?
3
Let x(v) = 252*v**3 - v**2 - 2*v + 3. Let t be x(1). Suppose 0 = -2*b + t + 70. What is the tens digit of b?
6
Suppose -4*w - 4*j + 9904 = 0, -w - 33*j + 31*j + 2477 = 0. What is the tens digit of w?
7
Suppose -1176 = 55*r - 62*r. What is the units digit of r?
8
Let k be 1568/48*6/4. Let h = 72 - k. What is the units digit of h?
3
Let z be 84/10 + (-4)/10. Let n be (-14)/(-8) + 2/z. Let m = n - -14. What is the tens digit of m?
1
Suppose 51*p - 77*p = -161018. What is the hundreds digit of p?
1
Suppose -9 + 30 = -3*o. Let w be (-4)/(-2) - (o - -5). Suppose -s + 55 = 4*j, s = -2*s - w*j + 133. What is the tens digit of s?
3
Let f(z) = -2*z + 56. Suppose 2 + 1 = 5*u + q, -2*q = 5*u - 6. What is the tens digit of f(u)?
5
Let f(u) = 14*u**3 + 14*u**2 - 22*u + 28. What is the units digit of f(5)?
8
Let g be -2 - 1 - (4 + -1). What is the tens digit of ((-49)/(-3))/(g/(-18))?
4
Let m be (-1 - -3) + (-6 - -10). Suppose m*y = -3*y + 90. What is the units digit of y?
0
Let c = 52 - 51. Suppose 0 = 3*j + c - 67. What is the tens digit of j?
2
Suppose -1 = -0*c + c. What is the units digit of (9 + -8)/(c/(-39))?
9
Let w = 835 + 392. What is the thousands digit of w?
1
Let i = -673 + 1653. What is the hundreds digit of i?
9
Let m be 5/(165/6) - 489/(-33). What is the tens digit of (6 + (-1400)/m)/((-2)/3)?
3
Suppose 0 = 2*d + 3*p - 569, -d + 4*p + 187 = -92. What is the hundreds digit of d?
2
What is the tens digit of (3*(-6)/(-4))/(1/258)?
6
Let q(u) = -u**3 + 8*u**2 - 7*u + 3. Let i be q(7). Suppose -15 = 3*k + i. Let b(a) = -a**3 - 6*a**2 - 4*a - 5. What is the units digit of b(k)?
9
Suppose -j + 3*j + 3*y = 12, j + 2*y - 7 = 0. What is the hundreds digit of j/(-9)*1*-411?
1
Suppose -4*v = -5*r + 1282 + 1424, -1606 = -3*r - 2*v. What is the hundreds digit of r?
5
Suppose 2*s + 12061 = 3*q, -15*q + 3*s - 8032 = -17*q. What is the units digit of q?
9
Let v = -67 + 429. What is the hundreds digit of v?
3
Let q = 366 - 209. What is the units digit of q?
7
Suppose 0*o = -4*o. Let g(h) = h**2 + 5*h + 7. Let q be g(-2). Suppose 2*n - n - q = o. What is the units digit of n?
1
What is the hundreds digit of ((-10305)/60)/(363/(-72) + 5)?
1
Suppose -4*m - b + 1887 = 0, -3*m + 682 = 5*b - 746. What is the units digit of m?
1
Let v be 3 + (3 - 2) + 1. Suppose 0*t - 3*t + l = -254, -425 = -v*t + 2*l. What is the units digit of t?
3
Suppose 697 = -241*i + 258*i. What is the units digit of i?
1
Let u be 2/6